 j be t(4). Let q be ((-1)/(j/(-48)))/(48/240). What is the greatest common divisor of q and 756?
12
Suppose -43 = -3*i + 5. Let d(t) = 20*t + 12. Let r be d(3). What is the greatest common factor of r and i?
8
Let k = 303 - 312. Let p be (k - -18) + (0 - 0). What is the highest common divisor of 81 and p?
9
Let r be 2 + (-1 - (-4 - -125)). Let b be (r/42)/((-10)/385). What is the greatest common factor of 10 and b?
10
Let x(b) = -242*b - 1742. Let z be x(-8). Calculate the greatest common factor of z and 10.
2
Suppose 83*a - 7218 = -2*i + 81*a, -3*i - 2*a = -10832. Calculate the highest common factor of i and 208.
26
Let c = -15 - -12. Let f be (1 - 0)*0*c/(-6). Suppose f = 24*l - 21*l - 198. Calculate the greatest common divisor of 6 and l.
6
Suppose -892*d - 48006 = -901*d. Calculate the greatest common factor of 42 and d.
42
Suppose -5*b + 58 = 4*s + 17, -5*s = -4*b. Calculate the highest common divisor of 1836 and s.
4
Suppose 19 = -4*z + 5*z. Let d be ((-926)/(-10))/(2/10). Let f = d + -311. Calculate the greatest common factor of f and z.
19
Let q be (100/8)/(423/(-426) + 1). What is the highest common divisor of 75 and q?
25
Suppose 0 = -33*s + 100*s - 2010. Let l be 5/((-10)/(-4)) - 2. Suppose l*g + 480 = 2*g. What is the highest common divisor of g and s?
30
Let t = -587 - -589. Suppose -t*u - 290 = -3*q, -4*q + 434 - 46 = -4*u. Calculate the greatest common factor of q and 3.
3
Let h(z) = -z**3 - 26*z**2 + 24*z - 76. Let c be h(-27). Calculate the greatest common divisor of c and 235.
5
Let j(o) = -4422*o - 3040. Let z be j(-7). What is the greatest common factor of z and 17?
17
Suppose 0 = -5*q + 2*r + 68, -9*r + 4*r + 5 = 0. Suppose -2*g = -q - 48. Let w = 63 - 1. What is the greatest common factor of w and g?
31
Let h(w) = 3*w**2 - 128*w. Let x be h(-9). What is the highest common factor of 341 and x?
31
Let r(c) = c**3 + 6*c**2 - 9*c + 14. Let x = 35 + -42. Let q be r(x). Calculate the highest common factor of 21 and q.
7
Let z be (-8)/6*(57/(-2))/1. Let x be -3 - (102/(-4))/((-21)/(-112)). Calculate the highest common divisor of x and z.
19
Let h be (3/(-6))/((-11)/(-22)). Let b be 88/(4/h)*-2. Suppose -8*y + 264 = -4*y. Calculate the highest common divisor of y and b.
22
Let u be 1445734/424 + 0 + 2/8. Calculate the greatest common factor of u and 62.
62
Suppose -287 = -2*p + c, -2*p + 153 = -2*c - 137. What is the greatest common divisor of 5822 and p?
142
Let y = -12127 + 12267. Calculate the greatest common divisor of 11130 and y.
70
Let o be 4 + -8 - 2/(-4)*10. Let x be (-8 - o - -20)*(0 + 15). Calculate the greatest common divisor of x and 55.
55
Let o = -11105 + 15634. What is the highest common factor of 7 and o?
7
Let v = -23 - -24. Let q be (-3)/((-12)/8*v). Suppose -5*m + q*m - 5*z = -39, -13 = -m + 3*z. What is the greatest common divisor of m and 91?
13
Suppose -5*a + 503 = 4*g - 505, -2*a = 0. What is the highest common factor of g and 342?
18
Let l be (30/90)/(2/39264). Calculate the highest common divisor of 16 and l.
16
Let g be (-5)/(11 - 15414/1400). Calculate the highest common divisor of g and 8.
4
Suppose -5*h = -7*h + 336. Let c(w) = -5*w**3 - 53*w**2 - 110*w + 36. Let z be c(-9). Calculate the highest common divisor of z and h.
42
Suppose -3*t = -5*s + 73, -12*s + 7*s + 79 = -4*t. What is the highest common factor of s and 4?
1
Suppose -293 = 7*q - 1392. Let l be 4/(-2) + (-3 - -10 - q). Let g = 515 + l. Calculate the greatest common divisor of 33 and g.
33
Let v be 1/((3/21)/((-24)/(-21))). Suppose -528 = -v*r + 576. What is the highest common factor of r and 12?
6
Let g(z) = -z + 22. Let n be g(17). Suppose 2*y = -n*a + 3*y, 2*a - 5*y = 23. Let h be (-5)/((-50)/105) - a/2. Calculate the highest common factor of h and 88.
11
Let a = 16 + 14. Suppose -5*v + 40*b = 35*b - 145, 2*b - 2 = 0. Calculate the greatest common divisor of v and a.
30
Suppose -8*s + 318 = 366. Let x(u) = 14*u + 92. Let h be x(s). Let m be 1148/18 + 4/18. Calculate the highest common factor of m and h.
8
Suppose 0 = 5*p + 2*j + 716 + 1223, 4*j - 379 = p. Let g be (p/(-81)*-3)/((-1)/15). Calculate the greatest common factor of g and 43.
43
Let v = 573 + -570. Suppose r = -v*k + 98, 155 - 22 = 4*k - r. Calculate the highest common factor of k and 99.
33
Suppose -2*t = -14*k + 17*k + 129, 5*t + 342 = -k. Let s = t - -83. Calculate the highest common divisor of s and 406.
14
Suppose -420 = -4*a + 4*w, 2*a = w - 5*w + 204. What is the greatest common factor of 16 and a?
8
Let n(a) = -a**3 - 14*a**2 - 31*a - 89. Let g be n(-13). Let r = 463 - 458. What is the highest common factor of g and r?
5
Let p(q) = 9*q - 5 + 37*q**2 - 38*q**2 + 10*q + 1 + 3. Suppose 3*o + o - 24 = 0. Let b be p(o). Calculate the greatest common divisor of 7 and b.
7
Let a = 8887 - 8591. Calculate the highest common factor of 256 and a.
8
Let f(j) = 3*j**2 + 2*j - 50. Let b be (-28 - -31) + -11 + 0. Let v be f(b). What is the greatest common divisor of v and 54?
18
Suppose 0 = 138*q - 134*q - 3*i - 620, -3*q - 5*i + 436 = 0. What is the greatest common factor of q and 285?
19
Let f(y) = y**3 - 13*y**2 - 7*y. Let b = 75 - 61. Let p be f(b). Calculate the highest common factor of p and 14.
14
Let m = -3675 + 4050. Calculate the greatest common factor of m and 240.
15
Let t(s) = -10 - 2*s**2 - 3*s**3 + 703*s - 698*s + 8*s**3. Let m be t(2). What is the greatest common divisor of m and 2?
2
Let w be (3/(-9))/((-2)/168). Let k(i) = -47 + 4*i**3 + 46 - 3*i**3 + 5*i**2 - i. Let b be k(-5). What is the highest common factor of w and b?
4
Suppose 0 = -4*k - r + 49, -k + 38 = 2*k + 2*r. Let g(c) = 10*c. Let u be 0 - (1 - 4) - 0. Let d be g(u). Calculate the highest common divisor of d and k.
6
Let l(h) = h**2 + 20*h + 20. Let o be l(-18). Let t = o - -19. Suppose -240 = -17*k - 3*k. What is the highest common factor of k and t?
3
Suppose -72 = -2*z - 3*b, -2*z - b + 27 + 53 = 0. What is the highest common divisor of z and 1356?
6
Let u = 5623 + -4749. Calculate the greatest common factor of u and 92.
46
Suppose 0 = 20*x - 87 - 73. Let s = x - 0. Let j = -10 + 58. What is the greatest common factor of s and j?
8
Let o be (8 - -286)/(-2 + (-21)/(-6)). Calculate the highest common factor of 4 and o.
4
Let s = 21251 - 20693. Calculate the highest common divisor of 1054 and s.
62
Let s = 124 - 115. Let x be 10/20*8/(-2). Let j be ((-63)/(-14))/(x/(-8)). Calculate the greatest common divisor of j and s.
9
Let b(y) = y**2 + 8 - 3*y - 23 + 8. Let r be b(11). Let k be (-4)/1 - (1 - r). Calculate the greatest common divisor of 38 and k.
38
Let x(c) = -11*c + 30. Let r(l) = -11*l + 28. Let q(y) = -2*r(y) + 3*x(y). Let j be q(2). Calculate the greatest common factor of j and 18.
6
Let n(q) = 235*q**2 - 237*q - 2017. Let c be n(-9). Calculate the highest common divisor of c and 11.
11
Suppose -3*i + 2*i = -45. Suppose o + i = 2*o. Suppose -4*a - 61 = -29 - 68. Calculate the highest common factor of a and o.
9
Let s be (0 - 0 - -1) + 47. Let i(x) = -6*x + 183. Let d be i(30). Suppose -v + p = -2, -2*p + 5 + d = 0. What is the highest common factor of s and v?
6
Let f be 6/6 + 2 - 4. Let n be (-4)/f + 1 - -118. Calculate the highest common factor of n and 164.
41
Suppose 5*y - 3*a + 11 = 0, -2*y - 3*a = -0*a + 17. Let v = 62 + y. Calculate the highest common divisor of v and 638.
58
Let p be (1 - 1 - -10)*((-1573)/55 - -29). Calculate the highest common divisor of 532 and p.
4
Suppose -20*t + 9*t = 0. Suppose x = -5, t = -9*l + 8*l + 2*x + 17. What is the greatest common factor of 7 and l?
7
Let g(p) = 4*p**2 + 10. Let a be g(0). Suppose -1008 = -a*m + 6*m. Calculate the greatest common divisor of m and 42.
42
Suppose -3*c - 29 = -113. Suppose -l + 3*g + 446 = 4*g, 0 = 3*l - 3*g - 1338. Suppose 24*r - 2126 + l = 0. What is the greatest common divisor of r and c?
14
Let d be ((-20)/(-12))/((-2)/(-12)). Let a be 1107/21 + 3/(63/6). Let w = a + -28. Calculate the highest common factor of d and w.
5
Let v(f) = -f**2 + 7*f + 5. Let p be v(7). Suppose 0 = p*s - 6*s + 28. Let x be (-8602)/(-153) + (-1)/(18/4). What is the greatest common divisor of s and x?
28
Suppose 4*k - 1 - 3 = 0. Let b be -2*k + 16*2. Suppose 9*v - 176 - 617 + 118 = 0. Calculate the highest common divisor of v and b.
15
